se 4, what is -12220 - 10?
-12230
In base 8, what is 1334 + 2?
1336
In base 10, what is 6643 - 2?
6641
In base 3, what is 20 - -1220?
2010
In base 7, what is -2 + -420?
-422
In base 10, what is -14 - 706?
-720
In base 12, what is 5 - 98?
-93
In base 3, what is 10200212 + 12?
10201001
In base 6, what is -51 - 50?
-141
In base 3, what is 2121 - 12000?
-2102
In base 12, what is -7 + -6?
-11
In base 16, what is 3 + ac?
af
In base 3, what is -10201 + -11?
-10212
In base 14, what is 35 - -c?
43
In base 7, what is 253 + -10?
243
In base 9, what is -2 + 75?
73
In base 14, what is -a3 - 2?
-a5
In base 5, what is 243 + -1112?
-314
In base 6, what is 10 - 25?
-15
In base 4, what is -3 - -1112?
1103
In base 16, what is -ca7 - -5?
-ca2
In base 7, what is -3 + 4?
1
In base 5, what is 210403 - -10?
210413
In base 8, what is -5 - 634?
-641
In base 12, what is -16 + -16?
-30
In base 4, what is -22101 - -23?
-22012
In base 4, what is -102121 - -3?
-102112
In base 2, what is 101100101 - -10?
101100111
In base 8, what is -23 + 1?
-22
In base 12, what is 116 + -24?
b2
In base 15, what is -168 + 1?
-167
In base 9, what is 1 - 0?
1
In base 9, what is 43 + 3?
46
In base 6, what is 232 + 2?
234
In base 7, what is -60 + 242?
152
In base 14, what is a - 8ca?
-8c0
In base 10, what is 16 + -242?
-226
In base 13, what is -187 - -12?
-175
In base 3, what is 0 + -10100122?
-10100122
In base 10, what is 894 + -4?
890
In base 9, what is -5 + -427?
-433
In base 8, what is -2 + 1322?
1320
In base 6, what is -554 - 1?
-555
In base 8, what is 3 + 25?
30
In base 15, what is 18 + a?
23
In base 13, what is 11 + -142?
-131
In base 10, what is -45 + -94?
-139
In base 12, what is -16 + -5?
-1b
In base 13, what is -5 + c70?
c68
In base 9, what is 3314 - 4?
3310
In base 2, what is 11 - 11101?
-11010
In base 12, what is 30 - -83?
b3
In base 16, what is -94c - 5?
-951
In base 8, what is 2 - -13345?
13347
In base 11, what is 31 + 6?
37
In base 3, what is 2121 + 10020?
12211
In base 10, what is 5 + -52?
-47
In base 10, what is -13 + 29?
16
In base 10, what is -2 + -1814?
-1816
In base 3, what is 20122 - -2?
20201
In base 11, what is -50 - -4?
-47
In base 7, what is -355 - -12?
-343
In base 15, what is -3 + -3?
-6
In base 11, what is 118 - 34?
94
In base 13, what is -4 - -7a?
76
In base 16, what is 1b - 6?
15
In base 4, what is 20111 + 11?
20122
In base 6, what is 132020 + -4?
132012
In base 6, what is 2 - 522?
-520
In base 6, what is 5 + -30?
-21
In base 14, what is -9 + -822?
-82b
In base 6, what is -540 - 1?
-541
In base 13, what is 0 - -9?
9
In base 10, what is -3 - 388?
-391
In base 13, what is 1324 + -1?
1323
In base 10, what is -2 - -45?
43
In base 4, what is 110210 - 32?
110112
In base 12, what is 5 - ba?
-b5
In base 13, what is -38 + -1a?
-55
In base 15, what is -5ad - -3?
-5aa
In base 16, what is -3 + 2?
-1
In base 8, what is -12005 + 1?
-12004
In base 14, what is 4 - a57?
-a53
In base 8, what is -432 - -12?
-420
In base 10, what is 92 - -1?
93
In base 16, what is 1 + 4d?
4e
In base 5, what is -232140 - -4?
-232131
In base 2, what is -10111111 - 11?
-11000010
In base 9, what is 114 + 21?
135
In base 6, what is -4131 + -5?
-4140
In base 6, what is -4 + -12533?
-12541
In base 16, what is -384c - 3?
-384f
In base 14, what is -4 + 573?
56d
In base 8, what is 53170 - -1?
53171
In base 12, what is -544 - 14?
-558
In base 5, what is -3044 - 10?
-3104
In base 12, what is 3000 + 3?
3003
In base 14, what is 1d - -5?
24
In base 7, what is -123 + -22?
-145
In base 2, what is -1011100 - 10011101?
-11111001
In base 8, what is 467 - -5?
474
In base 8, what is 12 + -7?
3
In base 3, what is -102201 + -1?
-102202
In base 7, what is 141 - 13?
125
In base 16, what is -2e + 4?
-2a
In base 5, what is 3412 + -3?
3404
In base 9, what is -12567 + 2?
-12565
In base 16, what is -56e - 2?
-570
In base 11, what is 248 - -1?
249
In base 9, what is -74 - -28?
-45
In base 16, what is 1 - 1f6?
-1f5
In base 14, what is -3 + -7?
-a
In base 12, what is 125 - 1?
124
In base 4, what is -3002 - 22?
-3030
In base 15, what is -a - -256?
24b
In base 15, what is -11 - -194?
183
In base 13, what is -39 + 108?
9c
In base 16, what is -f + -2f?
-3e
In base 10, what is 3 + -21?
-18
In base 12, what is -2 + -37?
-39
In base 4, what is 23 + 1021?
1110
In base 6, what is 3 - 54332?
-54325
In base 15, what is 0 - 1c0?
-1c0
In base 10, what is 7 + 40?
47
In base 11, what is 5 + 16?
20
In base 3, what is -101100 - -1001?
-100022
In base 14, what is -5 + 9b?
96
In base 3, what is -10 - 100102?
-100112
In base 10, what is -48 + -3?
-51
In base 12, what is -4 - 3b?
-43
In base 7, what is 13232 + 11?
13243
In base 15, what is 2 + -25?
-23
In base 16, what is -a - 34?
-3e
In base 7, what is -1 + 112?
111
In base 12, what is 1 - 1592?
-1591
In base 16, what is -d1e + 3?
-d1b
In base 2, what is -1 - 100000111?
-100001000
In base 10, what is 198 - -4?
202
In base 13, what is -1926 + -5?
-192b
In base 3, what is -210 - 1221?
-2201
In base 11, what is -35 + 0?
-35
In base 12, what is 4 + -31?
-29
In base 10, what is -300 + -5?
-305
In base 6, what is -5 - -1411?
1402
In base 7, what is 5 - -3?
11
In base 11, what is 0 + 20?
20
In base 7, what is 24 - 105?
-51
In base 9, what is 1 + -3315?
-3314
In base 10, what is -1 + 26?
25
In base 2, what is 10101011111 + -101?
10101011010
In base 16, what is 4 - -e5?
e9
In base 9, what is -131 + 7?
-123
In base 9, what is -4 + -257?
-262
In base 2, what is 110 + -10100000?
-10011010
In base 16, what is 7a8 + -1?
7a7
In base 8, what is 32 + -102?
-50
In base 13, what is 93c - -5?
944
In base 6, what is 3 + -4013?
-4010
In base 7, what is -5 - 22?
-30
In base 10, what is -368 - 7?
-375
In base 3, what is 100 + 20020?
20120
In base 5, what is -1 - -4233?
4232
In base 2, what is -1 + -1011?
-1100
In base 14, what is -3 + 123?
120
In base 5, what is -10 - 4?
-14
In base 14, what is -4 - 7d?
-83
In base 11, what is -5 - 530?
-535
In base 6, what is 4 + -12511?
-12503
In base 13, what is -88 - c?
-97
In base 13, what is 1 - -23a?
23b
In base 12, what is -1a - -1a?
0
In base 7, what is 4 - 1142?
-1135
In base 2, what is 11111101 + -10011110?
1011111
In base 16, what is e - -2?
10
In base 14, what is -11 + 8?
-7
In base 9, what is 38755 - 0?
38755
In base 9, what is -758 - -3?
-755
In base 6, what is -10 + 30?
20
In base 2, what is 11001 + -1?
11000
In base 11, what is -62 + 4?
-59
In base 3, what is -2 + -10022?
-10101
In base 14, what is 3563 + 4?
3567
In base 2, what is 0 + -1101110110?
-1101110110
In base 8, what is -27 - -24?
-3
In base 3, what is 11 + -202222?
-202211
In base 9, what is 0 + -183?
-183
In base 8, what is 11676 + 4?
11702
In base 6, what is -15042 + -2?
-15044
In base 6, what is 0 - -245?
245
In base 9, what is -4 - 2623?
-2627
In base 8, what is -4551 + -11?
-4562
In base 16, what is -34 + 5?
-2f
In base 4, what is -12 - 1001?
-1013
In base 11, what is -6 + 436?
430
In base 4, what is 2 - -3310?
3312
In base 7, what is 3432 + 0?
3432
In base 2, what is -1010110110 + 10?
-1010110100
In base 11, what is -73 - -12?
-61
In base 9, what is 2 - -254?
256
In base 13, what is -129b - -5?
-1296
In base 10, what is -963 - -2?
-961
In base 8, what is 140 - 144?
-4
In base 14, what is -1 - 2abb?
-2abc
In base 6, what is 5114 - 0?
5114
In base 8, what is -7 - -227?
220
In base 14, what is 55 + 9?
60
In base 4, what is -3 - -1010?
1001
In base 4, what is 1 - 122111?
-122110
In base 10, what is 22 + -4?
18
In base 8, what is -24 - -2?
-22
In base 8, what is -124 - 76?
-222
In base 7, what is 53 + -56?
-3
In base 3, what is 20 + -10?
10
In base 7, what is -142 + -4?
-146
In base 12, what is 146 - -30?
176
In base 7, what is -4 + -46?
-53
In base 9, what is -3 + 745?
742
In base 15, what is 3 + 58?
5b
In base 11, what is 24 - -1a?
43
In base 12, what is 68 - -183?
22b
In base 9, what is -2 - 2328?
-2331
In base 11, what is 3 + 8a2?
8a5
In base 13, what is 3 - -30?
33
In base 15, what is -16 + 7?
-e
In base 3, what is -120 - 1202?
-2022
In base 8, what is 55 + -57?
-2
In base 6, what is 0 + 4005?
4005
In base 6, what is -3140 + -24?
-3204
In base 16, what is -3 + 1215?
1212
In base 15, what is 2 + -9c?
-9a
In base 8, what is 447 + -15?
432
In base 13, what is 5 + 7b?
83
In base 4, what is -3202 - -2?
-3200
In